is divided by 3384?
178
What is the remainder when 344 is divided by 6?
2
Calculate the remainder when 20101 is divided by 107.
92
What is the remainder when 371799 is divided by 325?
324
What is the remainder when 1686091 is divided by 1302?
1
Calculate the remainder when 822 is divided by 110.
52
Calculate the remainder when 35292 is divided by 1357.
10
Calculate the remainder when 15412 is divided by 3080.
12
What is the remainder when 886 is divided by 190?
126
Calculate the remainder when 11074 is divided by 922.
10
What is the remainder when 2838 is divided by 786?
480
Calculate the remainder when 10504 is divided by 945.
109
Calculate the remainder when 1262 is divided by 75.
62
Calculate the remainder when 13990 is divided by 4609.
163
What is the remainder when 14788 is divided by 2956?
8
What is the remainder when 361666 is divided by 120544?
34
Calculate the remainder when 11641 is divided by 11635.
6
What is the remainder when 42269 is divided by 7?
3
Calculate the remainder when 538 is divided by 87.
16
What is the remainder when 44556 is divided by 1703?
278
Calculate the remainder when 159940 is divided by 9996.
4
What is the remainder when 50821 is divided by 676?
121
What is the remainder when 1350 is divided by 59?
52
What is the remainder when 4526 is divided by 1421?
263
Calculate the remainder when 5021 is divided by 150.
71
Calculate the remainder when 39090 is divided by 1085.
30
What is the remainder when 167914 is divided by 1024?
1002
What is the remainder when 70227 is divided by 14042?
17
What is the remainder when 16126 is divided by 252?
250
Calculate the remainder when 9045 is divided by 755.
740
What is the remainder when 61577 is divided by 22?
21
What is the remainder when 16119 is divided by 770?
719
What is the remainder when 3631 is divided by 3413?
218
Calculate the remainder when 32621 is divided by 28.
1
Calculate the remainder when 27 is divided by 3.
0
What is the remainder when 9496 is divided by 161?
158
Calculate the remainder when 126330 is divided by 74.
12
What is the remainder when 44062 is divided by 204?
202
Calculate the remainder when 8323 is divided by 262.
201
What is the remainder when 2741 is divided by 27?
14
What is the remainder when 5323 is divided by 10?
3
What is the remainder when 49355 is divided by 40?
35
What is the remainder when 267889 is divided by 33483?
25
Calculate the remainder when 73671 is divided by 14679.
276
Calculate the remainder when 164407 is divided by 131.
2
What is the remainder when 5951 is divided by 2970?
11
Calculate the remainder when 47775 is divided by 93.
66
Calculate the remainder when 3235 is divided by 511.
169
What is the remainder when 173813 is divided by 698?
11
What is the remainder when 305367 is divided by 754?
751
What is the remainder when 18273 is divided by 519?
108
Calculate the remainder when 133995 is divided by 66.
15
Calculate the remainder when 1112447 is divided by 7.
0
Calculate the remainder when 482208 is divided by 2411.
8
Calculate the remainder when 1539835 is divided by 17.
9
Calculate the remainder when 47107 is divided by 2771.
0
What is the remainder when 1360 is divided by 666?
28
What is the remainder when 133922 is divided by 78?
74
What is the remainder when 147210 is divided by 1083?
1005
What is the remainder when 707055 is divided by 472?
471
Calculate the remainder when 23963 is divided by 23943.
20
What is the remainder when 28084 is divided by 13952?
180
Calculate the remainder when 64237 is divided by 161.
159
What is the remainder when 22256 is divided by 7117?
905
Calculate the remainder when 90270 is divided by 3009.
0
What is the remainder when 13400 is divided by 127?
65
What is the remainder when 186446 is divided by 73?
4
What is the remainder when 18903 is divided by 900?
3
What is the remainder when 420816 is divided by 71?
70
What is the remainder when 1043305 is divided by 32?
9
Calculate the remainder when 7578 is divided by 12.
6
Calculate the remainder when 47324 is divided by 728.
4
Calculate the remainder when 8395 is divided by 1057.
996
Calculate the remainder when 6684 is divided by 47.
10
Calculate the remainder when 61717 is divided by 265.
237
What is the remainder when 48269 is divided by 22?
1
Calculate the remainder when 7615 is divided by 6.
1
Calculate the remainder when 1433 is divided by 1056.
377
What is the remainder when 5726 is divided by 244?
114
What is the remainder when 4250 is divided by 56?
50
Calculate the remainder when 432022 is divided by 108002.
14
Calculate the remainder when 297 is divided by 94.
15
What is the remainder when 848447 is divided by 61?
59
What is the remainder when 390465 is divided by 26?
23
Calculate the remainder when 10623 is divided by 1031.
313
What is the remainder when 6307 is divided by 912?
835
Calculate the remainder when 1130 is divided by 37.
20
Calculate the remainder when 22936 is divided by 117.
4
What is the remainder when 10820 is divided by 2146?
90
Calculate the remainder when 650 is divided by 18.
2
What is the remainder when 2473 is divided by 954?
565
Calculate the remainder when 37605 is divided by 561.
18
What is the remainder when 36510 is divided by 11984?
558
Calculate the remainder when 110 is divided by 30.
20
Calculate the remainder when 21401 is divided by 4274.
31
What is the remainder when 9688 is divided by 3214?
46
What is the remainder when 41565 is divided by 2761?
150
Calculate the remainder when 863295 is divided by 287765.
0
What is the remainder when 323572 is divided by 527?
521
Calculate the remainder when 5101 is divided by 373.
252
What is the remainder when 6318 is divided by 19?
10
Calculate the remainder when 3709 is divided by 121.
79
Calculate the remainder when 121755 is divided by 493.
477
What is the remainder when 3182933 is divided by 211?
209
Calculate the remainder when 33908 is divided by 22.
6
Calculate the remainder when 2425 is divided by 18.
13
What is the remainder when 15206 is divided by 55?
26
What is the remainder when 4550 is divided by 29?
26
Calculate the remainder when 27606 is divided by 86.
0
What is the remainder when 152095 is divided by 4?
3
What is the remainder when 6913 is divided by 2280?
73
What is the remainder when 3696 is divided by 47?
30
Calculate the remainder when 210662 is divided by 65.
62
What is the remainder when 38707 is divided by 33?
31
What is the remainder when 6336 is divided by 2108?
12
What is the remainder when 46969 is divided by 76?
1
What is the remainder when 194078 is divided by 833?
822
What is the remainder when 4656 is divided by 313?
274
Calculate the remainder when 350 is divided by 9.
8
What is the remainder when 7653 is divided by 115?
63
Calculate the remainder when 10718 is divided by 669.
14
What is the remainder when 3117 is divided by 65?
62
What is the remainder when 64570 is divided by 26?
12
What is the remainder when 1582 is divided by 3?
1
What is the remainder when 4582 is divided by 1521?
19
Calculate the remainder when 103878 is divided by 196.
194
What is the remainder when 2289 is divided by 147?
84
Calculate the remainder when 2751 is divided by 1314.
123
Calculate the remainder when 23626 is divided by 874.
28
Calculate the remainder when 3265 is divided by 465.
10
Calculate the remainder when 25702 is divided by 467.
17
What is the remainder when 1048985 is divided by 1176?
1169
What is the remainder when 134291 is divided by 1507?
168
Calculate the remainder when 226392 is divided by 13.
10
What is the remainder when 23497 is divided by 603?
583
What is the remainder when 248160 is divided by 440?
0
Calculate the remainder when 283 is divided by 230.
53
Calculate the remainder when 117352 is divided by 395.
37
Calculate the remainder when 26137 is divided by 13065.
7
Calculate the remainder when 124704 is divided by 2078.
24
What is the remainder when 4897 is divided by 126?
109
What is the remainder when 2443 is divided by 21?
7
Calculate the remainder when 2556 is divided by 2429.
127
What is the remainder when 21979 is divided by 20?
19
What is the remainder when 2969 is divided by 1274?
421
Calculate the remainder when 233167 is divided by 44.
11
Calculate the remainder when 11234 is divided by 35.
34
What is 